8 = -z, 916*z - 920*z - 15739 = -w. Is w composite?
False
Suppose 0 = -7*k + 66 + 39. Is 5/k*(-2655)/(-3) a prime number?
False
Suppose -5*a - 2*y + 250237 = 0, 2*y - y = -2*a + 100095. Is a prime?
True
Let z(g) = 240*g**2 + 36*g - 114. Let u be z(3). Suppose f + i = 6932, -f + 4781 + u = 4*i. Is f a composite number?
True
Suppose 3*a - 2*m = 23, 2 = -2*a + 2*m + 20. Suppose -l + 3085 = 2*x, -a*x + 7713 = -5*l + 7*l. Is x prime?
True
Suppose -3*r = -4*l + 88963 + 1892961, -2*r + 990962 = 2*l. Is l prime?
False
Suppose d - 64 = -4*n - 0*n, -2*d - 37 = -3*n. Suppose 93 = -12*h + n*h. Is h a composite number?
False
Let x be (15/1)/(-59 + 62). Let y(f) = 120*f - 17. Is y(x) a prime number?
False
Suppose -309*n = -40*n - 5253301. Is n composite?
True
Suppose 5 = 2*p + 1. Let w = 870 - 657. Suppose -w = p*s - 3143. Is s a composite number?
True
Suppose -r - 28 = -8*r. Suppose r*b - f = -0*b + 19, -4*f - 12 = 0. Suppose -b*g = 2*g - 1326. Is g composite?
True
Suppose -384 = -9*j - 7*j. Let k(r) = -r**3 + 28*r**2 + 18*r - 31. Is k(j) prime?
False
Let l be -3 - (5 + -41 + 5). Suppose 3*d - k + l = 0, -4*d - k = -9*d - 48. Is (d/20)/((-2)/2620) a prime number?
False
Is 2640572/(-2)*(444/24 + -8 + -11) a composite number?
True
Let b(x) be the first derivative of 3*x**4/4 - x**3/2 + 13*x**2/2 + 15*x + 27. Let n(k) be the first derivative of b(k). Is n(6) a composite number?
True
Suppose -3*k - 7*h - 2 = 0, -3*h = 45*k - 43*k - 7. Let q(t) be the first derivative of 29*t**3/3 - 15*t**2/2 + 9*t - 1. Is q(k) a prime number?
False
Let r(j) = -35*j**2 + 9*j + 4. Let w be r(-4). Let s = 3238 - 2167. Let i = w + s. Is i prime?
True
Let k(t) = 34*t**3 + 6 - 2*t**2 + 6*t**2 + 9 + 3*t - 33*t**3. Let i be k(-4). Is 2 + (4 - (-453)/i) a prime number?
True
Is 6 - 34/4*-8282 prime?
False
Suppose -5*x = -228733 + 6318. Is x a composite number?
False
Let t(u) = 245*u**2 + 18. Let p be t(5). Is (-44)/77 - (p/(-7) - 0) a composite number?
False
Suppose -2*n - 3 = -5*n. Let m be n/(-3) + 128/24. Suppose d = -3, m*d + 748 + 2414 = 3*l. Is l prime?
True
Suppose 0 = 2*j - 3*c - 71033, -200*j + 3*c = -199*j - 35512. Is j a prime number?
True
Suppose -5*c = -712 - 473. Let p = 308 - c. Is p a prime number?
True
Let v be 0 + (-4)/(2 - 0) - -1. Is (6 - (-5135 - -3))/(v + 3) a prime number?
False
Suppose -y = 3*i - 162904 + 13957, 5*y = 15. Is i/56 + (-6)/(-14) composite?
False
Suppose 30*m + 3727467 = 136*m - 4056007. Is m prime?
False
Suppose -13*o - 128494 = -8712. Let j = -4707 - o. Is j composite?
False
Suppose 3060150 = 23*g - 2690569 + 1949210. Is g a prime number?
False
Let f = 42 + -39. Suppose 7 + 11 = f*u. Suppose -u*p - 265 = -11*p. Is p a prime number?
True
Let l be ((-464646)/(-12))/((-10)/20). Let f = -54102 - l. Is f a prime number?
True
Suppose -2*f + 2*g = -7326, 32 - 12 = -5*g. Is f composite?
False
Let d(w) = -w**3 - 7*w**2 - 6*w - 24. Let n(f) = f**3 - 13*f**2 - 11. Let p be n(13). Is d(p) composite?
True
Suppose k = -5*s + 12322 + 15840, -s + k + 5630 = 0. Let j = 5340 - 5327. Suppose j*t + 965 = s. Is t a prime number?
True
Is -15 + 240488*9/9 prime?
True
Let y be ((-60)/(-18))/5 + 219/9. Suppose -y = 5*r, -4*x + 29*r = 27*r - 35774. Is x composite?
False
Let c = 234 - 230. Is (2/c)/(37/74666) a prime number?
True
Suppose 6 - 3 = -3*r. Is (r/2)/(44/(-46552)) prime?
False
Let o(p) = -6011*p + 474. Is o(-7) a prime number?
False
Suppose 0*m - 78 = -26*m. Suppose 0 = 16*a - m*a - 24739. Is a a prime number?
False
Suppose -464*s = -440*s - 2764632. Is s a composite number?
True
Let p = 4781 - -326441. Is p composite?
True
Suppose -52*m + 48*m = 16, -5*w + 55785 = -5*m. Is w a prime number?
False
Let l = -19270 - -33689. Is l a composite number?
False
Suppose 121 = 2*f + c, 2*f - 139 = 2*c + 3*c. Suppose -65*p = -f*p - 4689. Is p composite?
True
Suppose -3*d + 35 = 4*x, -2*d + 31 = 4*x + 1. Suppose -d*q + 974 = -3*q. Suppose -4*z + q = -21. Is z prime?
True
Suppose -4375989 = -3*r - 227947 + 2243575. Is r composite?
False
Let f(i) be the third derivative of -i**8/20160 - 17*i**7/5040 - i**6/120 - i**5/5 - 6*i**2. Let s(y) be the third derivative of f(y). Is s(-13) prime?
False
Suppose 0 = -4*z - 4*l - 52, 2*z + 3*l = 5*l - 30. Let t be (3 + (-68)/28)/((-60)/630). Is ((-497)/z)/(t/4 + 2) prime?
True
Let w = 384352 + 105799. Is w prime?
True
Let c(k) = -7*k**3 - 4*k**2 + 4*k - 2. Let j be c(4). Let o = 795 + j. Suppose -n - 3*s - 1573 = -6*n, n = 5*s + o. Is n a composite number?
False
Let n(m) = m - 28. Let p be n(25). Is (-1)/p - (-12951)/27 - 1 a composite number?
False
Suppose -4*u + x + 118 = -2*u, 3*u - 166 = -4*x. Let d = -57 + u. Is (1*d/(-2))/(23/(-81742)) prime?
True
Let q(g) = -g**3 - 11*g**2 + 18*g + 39. Let v be q(-17). Suppose -j + a = -2*a - v, -4*a = 4*j - 5900. Let t = j - 400. Is t prime?
False
Suppose -120*a = 1811065 - 10290385. Is a prime?
False
Let v = 705060 + -417739. Is v a composite number?
False
Let o = -11373 + 21244. Is o a composite number?
False
Let i(k) = k + 23. Let q(h) = -3*h - 70. Let p(b) = 7*i(b) + 2*q(b). Let t be p(-19). Suppose 24561 = 7*l + t*l. Is l composite?
False
Let t(o) be the third derivative of 17*o**5/30 - o**4/6 + o**3/6 - 2*o**2. Let j(p) = p**3 + 12*p**2 - 17*p - 58. Let b be j(-13). Is t(b) a composite number?
False
Let j be ((-27)/2)/((-2)/(-4)). Let n be 5/((-15)/261)*(j - -4). Suppose 19 = 4*b - n. Is b a prime number?
False
Suppose 80*h - 5454 = 78*h. Let q be (h/12 - -3)/(15/80). Is q/6 - (-84)/63 prime?
False
Suppose -4*t + 4*s = 563 - 119, -6 = -2*s. Let x = -104 - t. Is x - (-4)/(4/2917) a prime number?
False
Let d(q) = -4*q - 1. Let s be d(1). Let x(f) = 8*f + 67. Let c be x(-8). Is (c - (-16)/s) + 26082/35 prime?
False
Suppose 0 = -14*k + 1026160 + 696666. Is k composite?
False
Let u = -7575 + 12842. Is u prime?
False
Suppose 73*q = 7*q + 7316562. Is q composite?
True
Let o = -188012 + 473611. Is o composite?
False
Suppose -10*c = -8*c + 43702 - 247176. Is c a composite number?
False
Suppose 196*g + 222 = 202*g. Let m(z) = z**3 - 29*z**2 - 41*z - 24. Is m(g) prime?
False
Let j be 24/(-11) + (-10)/(-55). Let s be j*((-2)/1 + -1). Suppose -2*x - s = 0, 0*x - 2*x - 37 = -b. Is b prime?
True
Suppose -k + 5*k = 2292. Let a be (k - 12)*(-14)/3. Let w = -1611 - a. Is w a composite number?
True
Let p(i) = -146*i**3 - 3*i**2 + 78*i + 22. Let h be p(-9). Suppose -8*b - 14831 + h = 0. Is b composite?
True
Suppose 0 = 5*r - 5*g - 7195, -2*r + 3*g + 7191 = 3*r. Suppose r = -4*t + 5*n, 2*n = -0*n + 10. Let d = t - -804. Is d composite?
True
Let a = 22138 + -2373. Let n = -13950 + a. Is n composite?
True
Let a(i) = -i - 2*i - 1 + 0 + 85*i**2 - 2. Is a(2) a composite number?
False
Let d(f) = -951*f + 5. Let s(t) = -3803*t + 18. Let p(g) = 9*d(g) - 2*s(g). Is p(-4) a prime number?
True
Let r(n) = -68*n**3 + 34*n**2 - 24*n + 33. Is r(-8) a prime number?
True
Let j(p) = 853*p + 38. Let z(s) = -1706*s - 81. Let m(r) = 5*j(r) + 3*z(r). Is m(-4) a composite number?
False
Let g be 13 - 1/(-1)*1. Suppose n + 1 + g = -q, -3*q - 25 = -2*n. Is (1 + -2)/(q/8657) composite?
False
Let m = -48791 - -118134. Is m a composite number?
True
Let w be 0 + 20/(-10)*-2. Let q be (-3)/(6/(-4)) - 0. Is w*1/q - -309 a composite number?
False
Suppose -4*a + 43880 = 4*i, 19 = -4*a + 7. Is i a prime number?
True
Let m(n) = -n**2 + 8*n - 8. Let y be m(7). Let v be (-102 - y)/((-276)/(-140) - 2). Suppose -8*x - v = -15*x. Is x prime?
False
Let i(c) = -318*c**3 - 14*c**2 - 33*c - 24. Is i(-5) composite?
False
Let n(f) = 18*f**2 - 5*f + 2. Let x be 36/(12/3) + 3. Let k = x - 9. Is n(k) a prime number?
True
Let s(j) = 37*j**3 + 19*j**3 - 19*j**3 + 9 - 9 - 11*j**2 + 6 - 21*j. Is s(7) a prime number?
True
Let x be -1 - 0 - (49 - -5). Is (-4)/(-5) - 64691/x prime?
False
Let g = -16993 + 30152. Is g prime?
True
Let x(f) = -13*f - 3 - 7 + f**3 + 9 - 2*f**3 - 26*f**2 - 3*f**3. Is x(-22) a composite number?
False
Let v(n) = -5*n - 130. Let k be v(-21). Is (-4503 - (2 + -2))*k/75 prime?
False
Let z(u) = 22478*u + 74. Let b be z(-9). Is 5/(-60) + b/(-48) a prime number?
False
Is ((-129)/(-1419))/(2/(-22)) + (257053 - -1) prime?
True
Let x = -44787 + 191342. Is x prime?
False
Let p(j) = -2*j**2 - 33*j - 41. Let x be p(-15). Is 4/(-104)*x - (-3477)/39 a com